{"id":28,"date":"2024-10-13T12:40:56","date_gmt":"2024-10-13T10:40:56","guid":{"rendered":"https:\/\/mediatorsadowy.info\/?page_id=28"},"modified":"2026-02-01T17:18:55","modified_gmt":"2026-02-01T15:18:55","slug":"landing","status":"publish","type":"page","link":"https:\/\/mediatorsadowy.info\/","title":{"rendered":"Landing"},"content":{"rendered":"<div class=\"et_pb_section_0 et_pb_section et_section_regular et_block_section\"><div class=\"et_pb_row_0 et_pb_row et_pb_gutters3 et_block_row\"><div class=\"et_pb_column_0 et_pb_column et_pb_column_4_4 et-last-child et_block_column et_pb_css_mix_blend_mode_passthrough\"><div class=\"et_pb_heading_0 et_pb_heading et_pb_module et_flex_module\"><div class=\"et_pb_heading_container\"><h1 class=\"et_pb_module_header\">Mediator S\u0105dowy Wojciech Jab\u0142o\u0144ski<\/h1><\/div><\/div><div class=\"et_pb_text_0 et_pb_text et_pb_bg_layout_light et_pb_module et_flex_module\"><div class=\"et_pb_text_inner\"><p>&nbsp;<\/p>\n<p>W \u015bwiecie, w kt\u00f3rym konflikty i nieporozumienia wydaj\u0105 si\u0119 nieuniknione, mediacja staje si\u0119 nie tylko umiej\u0119tno\u015bci\u0105, ale wr\u0119cz sztuk\u0105, kt\u00f3ra mo\u017ce odmieni\u0107 nasze relacje..<\/p>\n<p>&nbsp;<\/p>\n<\/div><\/div><\/div><\/div><\/div><div class=\"et_pb_section_1 et_pb_section et_section_regular et_block_section\"><div class=\"et_pb_row_1 et_pb_row et_pb_gutters3 et_block_row\"><div class=\"et_pb_column_1 et_pb_column et_pb_column_1_3 et_block_column et_pb_css_mix_blend_mode_passthrough\"><div class=\"et_pb_gallery_0 et_pb_gallery et_pb_bg_layout_light et_pb_gallery_grid et_pb_module\" data-auto-rotate=\"off\" data-auto-rotate-speed=\"\"><div class=\"et_pb_gallery_items et_post_gallery clearfix et_block_module\" data-per_page=\"4\"><div class=\"et_pb_gallery_item et_pb_grid_item et_pb_gallery_item_0_0\"><div class=\"et_pb_gallery_image landscape\" data-per_page=\"4\"><a href=\"https:\/\/mediatorsadowy.info\/wp-content\/uploads\/2024\/11\/Mediacja-Nieletni-sprwca-czynu-karalnego.png\" title=\"Mediacja Nieletni sprwc\u0105 czynu karalnego\"><img loading=\"lazy\" decoding=\"async\" width=\"400\" height=\"284\" src=\"https:\/\/mediatorsadowy.info\/wp-content\/uploads\/2024\/11\/Mediacja-Nieletni-sprwca-czynu-karalnego-400x284.png\" alt=\"\" class=\"wp-image-82\" srcset=\"https:\/\/mediatorsadowy.info\/wp-content\/uploads\/2024\/11\/Mediacja-Nieletni-sprwca-czynu-karalnego.png 479w, https:\/\/mediatorsadowy.info\/wp-content\/uploads\/2024\/11\/Mediacja-Nieletni-sprwca-czynu-karalnego-400x284.png 480w\" sizes=\"(max-width:479px) 479px, 100vw\" \/><span class=\"et_overlay\" data-icon=\"\" data-icon-tablet=\"\" data-icon-phone=\"\"><\/span><\/a><\/div><h3 class=\"et_pb_gallery_title\">Mediacja Nieletni sprwc\u0105 czynu karalnego<\/h3><\/div><\/div><div class=\"et_pb_gallery_pagination\"><\/div><\/div><div class=\"et_pb_gallery_1 et_pb_gallery et_pb_bg_layout_light et_pb_gallery_grid et_pb_module\" data-auto-rotate=\"off\" data-auto-rotate-speed=\"\"><div class=\"et_pb_gallery_items et_post_gallery clearfix et_block_module\" data-per_page=\"4\"><div class=\"et_pb_gallery_item et_pb_grid_item et_pb_gallery_item_1_0\"><div class=\"et_pb_gallery_image landscape\" data-per_page=\"4\"><a href=\"https:\/\/mediatorsadowy.info\/wp-content\/uploads\/2024\/11\/Mediacja-Nauczyciele-Organ-Prowadzacy-.png\" title=\"Mediacja Nauczyciele - Organ Prowadz\u0105cy\"><img loading=\"lazy\" decoding=\"async\" width=\"400\" height=\"284\" src=\"https:\/\/mediatorsadowy.info\/wp-content\/uploads\/2024\/11\/Mediacja-Nauczyciele-Organ-Prowadzacy--400x284.png\" alt=\"\" class=\"wp-image-83\" srcset=\"https:\/\/mediatorsadowy.info\/wp-content\/uploads\/2024\/11\/Mediacja-Nauczyciele-Organ-Prowadzacy-.png 479w, https:\/\/mediatorsadowy.info\/wp-content\/uploads\/2024\/11\/Mediacja-Nauczyciele-Organ-Prowadzacy--400x284.png 480w\" sizes=\"(max-width:479px) 479px, 100vw\" \/><span class=\"et_overlay\" data-icon=\"\" data-icon-tablet=\"\" data-icon-phone=\"\"><\/span><\/a><\/div><h3 class=\"et_pb_gallery_title\">Mediacja Nauczyciele &#8211; Organ Prowadz\u0105cy<\/h3><\/div><\/div><div class=\"et_pb_gallery_pagination\"><\/div><\/div><\/div><div class=\"et_pb_column_2 et_pb_column et_pb_column_1_3 et_block_column et_pb_css_mix_blend_mode_passthrough\"><div class=\"et_pb_gallery_2 et_pb_gallery et_pb_bg_layout_light et_pb_gallery_grid et_pb_module\" data-auto-rotate=\"off\" data-auto-rotate-speed=\"\"><div class=\"et_pb_gallery_items et_post_gallery clearfix et_block_module\" data-per_page=\"4\"><div class=\"et_pb_gallery_item et_pb_grid_item et_pb_gallery_item_2_0\"><div class=\"et_pb_gallery_image landscape\" data-per_page=\"4\"><a href=\"https:\/\/mediatorsadowy.info\/wp-content\/uploads\/2024\/11\/Mediacja-Rodzinna-.png\" title=\"Mediacja Rodzinna\"><img loading=\"lazy\" decoding=\"async\" width=\"400\" height=\"284\" src=\"https:\/\/mediatorsadowy.info\/wp-content\/uploads\/2024\/11\/Mediacja-Rodzinna--400x284.png\" alt=\"\" class=\"wp-image-78\" srcset=\"https:\/\/mediatorsadowy.info\/wp-content\/uploads\/2024\/11\/Mediacja-Rodzinna-.png 479w, https:\/\/mediatorsadowy.info\/wp-content\/uploads\/2024\/11\/Mediacja-Rodzinna--400x284.png 480w\" sizes=\"(max-width:479px) 479px, 100vw\" \/><span class=\"et_overlay\" data-icon=\"\" data-icon-tablet=\"\" data-icon-phone=\"\"><\/span><\/a><\/div><h3 class=\"et_pb_gallery_title\">Mediacja Rodzinna<\/h3><\/div><\/div><div class=\"et_pb_gallery_pagination\"><\/div><\/div><div class=\"et_pb_gallery_3 et_pb_gallery et_pb_bg_layout_light et_pb_gallery_grid et_pb_module\" data-auto-rotate=\"off\" data-auto-rotate-speed=\"\"><div class=\"et_pb_gallery_items et_post_gallery clearfix et_block_module\" data-per_page=\"4\"><div class=\"et_pb_gallery_item et_pb_grid_item et_pb_gallery_item_3_0\"><div class=\"et_pb_gallery_image landscape\" data-per_page=\"4\"><a href=\"https:\/\/mediatorsadowy.info\/wp-content\/uploads\/2024\/11\/Mediacja-Rowiesnicza.png\" title=\"Mediacja R\u00f3wie\u015bnicza\"><img loading=\"lazy\" decoding=\"async\" width=\"400\" height=\"284\" src=\"https:\/\/mediatorsadowy.info\/wp-content\/uploads\/2024\/11\/Mediacja-Rowiesnicza-400x284.png\" alt=\"\" class=\"wp-image-79\" srcset=\"https:\/\/mediatorsadowy.info\/wp-content\/uploads\/2024\/11\/Mediacja-Rowiesnicza.png 479w, https:\/\/mediatorsadowy.info\/wp-content\/uploads\/2024\/11\/Mediacja-Rowiesnicza-400x284.png 480w\" sizes=\"(max-width:479px) 479px, 100vw\" \/><span class=\"et_overlay\" data-icon=\"\" data-icon-tablet=\"\" data-icon-phone=\"\"><\/span><\/a><\/div><h3 class=\"et_pb_gallery_title\">Mediacja R\u00f3wie\u015bnicza<\/h3><\/div><\/div><div class=\"et_pb_gallery_pagination\"><\/div><\/div><\/div><div class=\"et_pb_column_3 et_pb_column et_pb_column_1_3 et-last-child et_block_column et_pb_css_mix_blend_mode_passthrough\"><div class=\"et_pb_gallery_4 et_pb_gallery et_pb_bg_layout_light et_pb_gallery_grid et_pb_module\" data-auto-rotate=\"off\" data-auto-rotate-speed=\"\"><div class=\"et_pb_gallery_items et_post_gallery clearfix et_block_module\" data-per_page=\"4\"><div class=\"et_pb_gallery_item et_pb_grid_item et_pb_gallery_item_4_0\"><div class=\"et_pb_gallery_image landscape\" data-per_page=\"4\"><a href=\"https:\/\/mediatorsadowy.info\/wp-content\/uploads\/2024\/11\/Mediacja-Oswiatowa.png\" title=\"Mediacja O\u015bwiatowa\"><img loading=\"lazy\" decoding=\"async\" width=\"400\" height=\"284\" src=\"https:\/\/mediatorsadowy.info\/wp-content\/uploads\/2024\/11\/Mediacja-Oswiatowa-400x284.png\" alt=\"\" class=\"wp-image-80\" srcset=\"https:\/\/mediatorsadowy.info\/wp-content\/uploads\/2024\/11\/Mediacja-Oswiatowa.png 479w, https:\/\/mediatorsadowy.info\/wp-content\/uploads\/2024\/11\/Mediacja-Oswiatowa-400x284.png 480w\" sizes=\"(max-width:479px) 479px, 100vw\" \/><span class=\"et_overlay\" data-icon=\"\" data-icon-tablet=\"\" data-icon-phone=\"\"><\/span><\/a><\/div><h3 class=\"et_pb_gallery_title\">Mediacja O\u015bwiatowa<\/h3><\/div><\/div><div class=\"et_pb_gallery_pagination\"><\/div><\/div><div class=\"et_pb_gallery_5 et_pb_gallery et_pb_bg_layout_light et_pb_gallery_grid et_pb_module\" data-auto-rotate=\"off\" data-auto-rotate-speed=\"\"><div class=\"et_pb_gallery_items et_post_gallery clearfix et_block_module\" data-per_page=\"4\"><div class=\"et_pb_gallery_item et_pb_grid_item et_pb_gallery_item_5_0\"><div class=\"et_pb_gallery_image landscape\" data-per_page=\"4\"><a href=\"https:\/\/mediatorsadowy.info\/wp-content\/uploads\/2024\/11\/Mediacja-Szkolna.png\" title=\"Mediacja Szkolna\"><img loading=\"lazy\" decoding=\"async\" width=\"400\" height=\"284\" src=\"https:\/\/mediatorsadowy.info\/wp-content\/uploads\/2024\/11\/Mediacja-Szkolna-400x284.png\" alt=\"\" class=\"wp-image-81\" srcset=\"https:\/\/mediatorsadowy.info\/wp-content\/uploads\/2024\/11\/Mediacja-Szkolna.png 479w, https:\/\/mediatorsadowy.info\/wp-content\/uploads\/2024\/11\/Mediacja-Szkolna-400x284.png 480w\" sizes=\"(max-width:479px) 479px, 100vw\" \/><span class=\"et_overlay\" data-icon=\"\" data-icon-tablet=\"\" data-icon-phone=\"\"><\/span><\/a><\/div><h3 class=\"et_pb_gallery_title\">Mediacja Szkolna<\/h3><\/div><\/div><div class=\"et_pb_gallery_pagination\"><\/div><\/div><\/div><\/div><\/div><div class=\"et_pb_section_2 et_pb_section et_section_regular et_block_section\"><div class=\"et_pb_row_2 et_pb_row et_pb_row_4col et_pb_gutters3 et_block_row\"><div class=\"et_pb_column_4 et_pb_column et_pb_column_1_4 et_block_column et_pb_css_mix_blend_mode_passthrough\"><div class=\"et_pb_text_1 et_pb_text et_pb_bg_layout_light et_pb_module et_flex_module\"><div class=\"et_pb_text_inner\"><p style=\"text-align: center;\">Ul. W. \u0141okietka<br \/>87-100 Toru\u0144<\/p>\n<\/div><\/div><\/div><div class=\"et_pb_column_5 et_pb_column et_pb_column_1_4 et_block_column et_pb_css_mix_blend_mode_passthrough\"><div class=\"et_pb_text_2 et_pb_text et_pb_bg_layout_light et_pb_module et_flex_module\"><div class=\"et_pb_text_inner\"><p>+48 696 177 441<\/p>\n<\/div><\/div><\/div><div class=\"et_pb_column_6 et_pb_column et_pb_column_1_4 et_block_column et_pb_css_mix_blend_mode_passthrough\"><div class=\"et_pb_text_3 et_pb_text et_pb_bg_layout_light et_pb_module et_flex_module\"><div class=\"et_pb_text_inner\"><p>biuro@mediatorsadowy.info<\/p>\n<\/div><\/div><\/div><div class=\"et_pb_column_7 et_pb_column et_pb_column_1_4 et-last-child et_block_column et_pb_css_mix_blend_mode_passthrough\"><ul class=\"et_pb_social_media_follow_0 et_pb_social_media_follow clearfix et_pb_bg_layout_light et_pb_text_align_right et_pb_text_align_center-tablet et_pb_text_align_center-phone et_pb_module et_flex_module\"><li class=\"et_pb_social_media_follow_network_0 et_pb_social_media_follow_network et_pb_social_icon et_pb_social_network_link et-social-facebook et_pb_module et_flex_module\"><a href=\"https:\/\/www.facebook.com\/profile.php?id=61558684858295\" class=\"icon\" target=\"_self\" title=\"facebook\" rel=\"noopener\"><span class=\"et_pb_social_media_follow_network_name\">Pod\u0105\u017ca\u0107<\/span><\/a><\/li><li class=\"et_pb_social_media_follow_network_1 et_pb_social_media_follow_network et_pb_social_icon et_pb_social_network_link et-social-instagram et_pb_module et_flex_module\"><a href=\"https:\/\/www.instagram.com\/mediator_sadowy_wj\/\" class=\"icon\" target=\"_self\" title=\"instagram\" rel=\"noopener\"><span class=\"et_pb_social_media_follow_network_name\">Pod\u0105\u017ca\u0107<\/span><\/a><\/li><li class=\"et_pb_social_media_follow_network_2 et_pb_social_media_follow_network et_pb_social_icon et_pb_social_network_link et-social-twitter et_pb_module et_flex_module\"><a href=\"#\" class=\"icon\" target=\"_self\" title=\"twitter\" rel=\"noopener\"><span class=\"et_pb_social_media_follow_network_name\">Pod\u0105\u017ca\u0107<\/span><\/a><\/li><\/ul><\/div><\/div><\/div>","protected":false},"excerpt":{"rendered":"","protected":false},"author":1,"featured_media":0,"parent":0,"menu_order":0,"comment_status":"closed","ping_status":"closed","template":"","meta":{"footnotes":""},"class_list":["post-28","page","type-page","status-publish","hentry"],"_links":{"self":[{"href":"https:\/\/mediatorsadowy.info\/index.php\/wp-json\/wp\/v2\/pages\/28","targetHints":{"allow":["GET"]}}],"collection":[{"href":"https:\/\/mediatorsadowy.info\/index.php\/wp-json\/wp\/v2\/pages"}],"about":[{"href":"https:\/\/mediatorsadowy.info\/index.php\/wp-json\/wp\/v2\/types\/page"}],"author":[{"embeddable":true,"href":"https:\/\/mediatorsadowy.info\/index.php\/wp-json\/wp\/v2\/users\/1"}],"replies":[{"embeddable":true,"href":"https:\/\/mediatorsadowy.info\/index.php\/wp-json\/wp\/v2\/comments?post=28"}],"version-history":[{"count":14,"href":"https:\/\/mediatorsadowy.info\/index.php\/wp-json\/wp\/v2\/pages\/28\/revisions"}],"predecessor-version":[{"id":214,"href":"https:\/\/mediatorsadowy.info\/index.php\/wp-json\/wp\/v2\/pages\/28\/revisions\/214"}],"wp:attachment":[{"href":"https:\/\/mediatorsadowy.info\/index.php\/wp-json\/wp\/v2\/media?parent=28"}],"curies":[{"name":"wp","href":"https:\/\/api.w.org\/{rel}","templated":true}]}}

<div class="et_pb_section_0 et_pb_section et_section_regular et_block_section"><div class="et_pb_row_0 et_pb_row et_pb_gutters3 et_block_row"><div class="et_pb_column_0 et_pb_column et_pb_column_4_4 et-last-child et_block_column et_pb_css_mix_blend_mode_passthrough"><div class="et_pb_heading_0 et_pb_heading et_pb_module et_flex_module"><div class="et_pb_heading_container"><h1 class="et_pb_module_header">Mediator Sądowy Wojciech Jabłoński</h1></div></div><div class="et_pb_text_0 et_pb_text et_pb_bg_layout_light et_pb_module et_flex_module"><div class="et_pb_text_inner"><p>&nbsp;</p>
<p>W świecie, w którym konflikty i nieporozumienia wydają się nieuniknione, mediacja staje się nie tylko umiejętnością, ale wręcz sztuką, która może odmienić nasze relacje..</p>
<p>&nbsp;</p>
</div></div></div></div></div><div class="et_pb_section_1 et_pb_section et_section_regular et_block_section"><div class="et_pb_row_1 et_pb_row et_pb_gutters3 et_block_row"><div class="et_pb_column_1 et_pb_column et_pb_column_1_3 et_block_column et_pb_css_mix_blend_mode_passthrough"><div class="et_pb_gallery_0 et_pb_gallery et_pb_bg_layout_light et_pb_gallery_grid et_pb_module" data-auto-rotate="off" data-auto-rotate-speed=""><div class="et_pb_gallery_items et_post_gallery clearfix et_block_module" data-per_page="4"><div class="et_pb_gallery_item et_pb_grid_item et_pb_gallery_item_0_0"><div class="et_pb_gallery_image landscape" data-per_page="4"><a href="https://mediatorsadowy.info/wp-content/uploads/2024/11/Mediacja-Nieletni-sprwca-czynu-karalnego.png" title="Mediacja Nieletni sprwcą czynu karalnego"><img loading="lazy" decoding="async" width="400" height="284" src="https://mediatorsadowy.info/wp-content/uploads/2024/11/Mediacja-Nieletni-sprwca-czynu-karalnego-400x284.png" alt="" class="wp-image-82" srcset="https://mediatorsadowy.info/wp-content/uploads/2024/11/Mediacja-Nieletni-sprwca-czynu-karalnego.png 479w, https://mediatorsadowy.info/wp-content/uploads/2024/11/Mediacja-Nieletni-sprwca-czynu-karalnego-400x284.png 480w" sizes="(max-width:479px) 479px, 100vw" /><span class="et_overlay" data-icon="" data-icon-tablet="" data-icon-phone=""></span></a></div><h3 class="et_pb_gallery_title">Mediacja Nieletni sprwcą czynu karalnego</h3></div></div><div class="et_pb_gallery_pagination"></div></div><div class="et_pb_gallery_1 et_pb_gallery et_pb_bg_layout_light et_pb_gallery_grid et_pb_module" data-auto-rotate="off" data-auto-rotate-speed=""><div class="et_pb_gallery_items et_post_gallery clearfix et_block_module" data-per_page="4"><div class="et_pb_gallery_item et_pb_grid_item et_pb_gallery_item_1_0"><div class="et_pb_gallery_image landscape" data-per_page="4"><a href="https://mediatorsadowy.info/wp-content/uploads/2024/11/Mediacja-Nauczyciele-Organ-Prowadzacy-.png" title="Mediacja Nauczyciele - Organ Prowadzący"><img loading="lazy" decoding="async" width="400" height="284" src="https://mediatorsadowy.info/wp-content/uploads/2024/11/Mediacja-Nauczyciele-Organ-Prowadzacy--400x284.png" alt="" class="wp-image-83" srcset="https://mediatorsadowy.info/wp-content/uploads/2024/11/Mediacja-Nauczyciele-Organ-Prowadzacy-.png 479w, https://mediatorsadowy.info/wp-content/uploads/2024/11/Mediacja-Nauczyciele-Organ-Prowadzacy--400x284.png 480w" sizes="(max-width:479px) 479px, 100vw" /><span class="et_overlay" data-icon="" data-icon-tablet="" data-icon-phone=""></span></a></div><h3 class="et_pb_gallery_title">Mediacja Nauczyciele &#8211; Organ Prowadzący</h3></div></div><div class="et_pb_gallery_pagination"></div></div></div><div class="et_pb_column_2 et_pb_column et_pb_column_1_3 et_block_column et_pb_css_mix_blend_mode_passthrough"><div class="et_pb_gallery_2 et_pb_gallery et_pb_bg_layout_light et_pb_gallery_grid et_pb_module" data-auto-rotate="off" data-auto-rotate-speed=""><div class="et_pb_gallery_items et_post_gallery clearfix et_block_module" data-per_page="4"><div class="et_pb_gallery_item et_pb_grid_item et_pb_gallery_item_2_0"><div class="et_pb_gallery_image landscape" data-per_page="4"><a href="https://mediatorsadowy.info/wp-content/uploads/2024/11/Mediacja-Rodzinna-.png" title="Mediacja Rodzinna"><img loading="lazy" decoding="async" width="400" height="284" src="https://mediatorsadowy.info/wp-content/uploads/2024/11/Mediacja-Rodzinna--400x284.png" alt="" class="wp-image-78" srcset="https://mediatorsadowy.info/wp-content/uploads/2024/11/Mediacja-Rodzinna-.png 479w, https://mediatorsadowy.info/wp-content/uploads/2024/11/Mediacja-Rodzinna--400x284.png 480w" sizes="(max-width:479px) 479px, 100vw" /><span class="et_overlay" data-icon="" data-icon-tablet="" data-icon-phone=""></span></a></div><h3 class="et_pb_gallery_title">Mediacja Rodzinna</h3></div></div><div class="et_pb_gallery_pagination"></div></div><div class="et_pb_gallery_3 et_pb_gallery et_pb_bg_layout_light et_pb_gallery_grid et_pb_module" data-auto-rotate="off" data-auto-rotate-speed=""><div class="et_pb_gallery_items et_post_gallery clearfix et_block_module" data-per_page="4"><div class="et_pb_gallery_item et_pb_grid_item et_pb_gallery_item_3_0"><div class="et_pb_gallery_image landscape" data-per_page="4"><a href="https://mediatorsadowy.info/wp-content/uploads/2024/11/Mediacja-Rowiesnicza.png" title="Mediacja Rówieśnicza"><img loading="lazy" decoding="async" width="400" height="284" src="https://mediatorsadowy.info/wp-content/uploads/2024/11/Mediacja-Rowiesnicza-400x284.png" alt="" class="wp-image-79" srcset="https://mediatorsadowy.info/wp-content/uploads/2024/11/Mediacja-Rowiesnicza.png 479w, https://mediatorsadowy.info/wp-content/uploads/2024/11/Mediacja-Rowiesnicza-400x284.png 480w" sizes="(max-width:479px) 479px, 100vw" /><span class="et_overlay" data-icon="" data-icon-tablet="" data-icon-phone=""></span></a></div><h3 class="et_pb_gallery_title">Mediacja Rówieśnicza</h3></div></div><div class="et_pb_gallery_pagination"></div></div></div><div class="et_pb_column_3 et_pb_column et_pb_column_1_3 et-last-child et_block_column et_pb_css_mix_blend_mode_passthrough"><div class="et_pb_gallery_4 et_pb_gallery et_pb_bg_layout_light et_pb_gallery_grid et_pb_module" data-auto-rotate="off" data-auto-rotate-speed=""><div class="et_pb_gallery_items et_post_gallery clearfix et_block_module" data-per_page="4"><div class="et_pb_gallery_item et_pb_grid_item et_pb_gallery_item_4_0"><div class="et_pb_gallery_image landscape" data-per_page="4"><a href="https://mediatorsadowy.info/wp-content/uploads/2024/11/Mediacja-Oswiatowa.png" title="Mediacja Oświatowa"><img loading="lazy" decoding="async" width="400" height="284" src="https://mediatorsadowy.info/wp-content/uploads/2024/11/Mediacja-Oswiatowa-400x284.png" alt="" class="wp-image-80" srcset="https://mediatorsadowy.info/wp-content/uploads/2024/11/Mediacja-Oswiatowa.png 479w, https://mediatorsadowy.info/wp-content/uploads/2024/11/Mediacja-Oswiatowa-400x284.png 480w" sizes="(max-width:479px) 479px, 100vw" /><span class="et_overlay" data-icon="" data-icon-tablet="" data-icon-phone=""></span></a></div><h3 class="et_pb_gallery_title">Mediacja Oświatowa</h3></div></div><div class="et_pb_gallery_pagination"></div></div><div class="et_pb_gallery_5 et_pb_gallery et_pb_bg_layout_light et_pb_gallery_grid et_pb_module" data-auto-rotate="off" data-auto-rotate-speed=""><div class="et_pb_gallery_items et_post_gallery clearfix et_block_module" data-per_page="4"><div class="et_pb_gallery_item et_pb_grid_item et_pb_gallery_item_5_0"><div class="et_pb_gallery_image landscape" data-per_page="4"><a href="https://mediatorsadowy.info/wp-content/uploads/2024/11/Mediacja-Szkolna.png" title="Mediacja Szkolna"><img loading="lazy" decoding="async" width="400" height="284" src="https://mediatorsadowy.info/wp-content/uploads/2024/11/Mediacja-Szkolna-400x284.png" alt="" class="wp-image-81" srcset="https://mediatorsadowy.info/wp-content/uploads/2024/11/Mediacja-Szkolna.png 479w, https://mediatorsadowy.info/wp-content/uploads/2024/11/Mediacja-Szkolna-400x284.png 480w" sizes="(max-width:479px) 479px, 100vw" /><span class="et_overlay" data-icon="" data-icon-tablet="" data-icon-phone=""></span></a></div><h3 class="et_pb_gallery_title">Mediacja Szkolna</h3></div></div><div class="et_pb_gallery_pagination"></div></div></div></div></div><div class="et_pb_section_2 et_pb_section et_section_regular et_block_section"><div class="et_pb_row_2 et_pb_row et_pb_row_4col et_pb_gutters3 et_block_row"><div class="et_pb_column_4 et_pb_column et_pb_column_1_4 et_block_column et_pb_css_mix_blend_mode_passthrough"><div class="et_pb_text_1 et_pb_text et_pb_bg_layout_light et_pb_module et_flex_module"><div class="et_pb_text_inner"><p style="text-align: center;">Ul. W. Łokietka<br />87-100 Toruń</p>
</div></div></div><div class="et_pb_column_5 et_pb_column et_pb_column_1_4 et_block_column et_pb_css_mix_blend_mode_passthrough"><div class="et_pb_text_2 et_pb_text et_pb_bg_layout_light et_pb_module et_flex_module"><div class="et_pb_text_inner"><p>+48 696 177 441</p>
</div></div></div><div class="et_pb_column_6 et_pb_column et_pb_column_1_4 et_block_column et_pb_css_mix_blend_mode_passthrough"><div class="et_pb_text_3 et_pb_text et_pb_bg_layout_light et_pb_module et_flex_module"><div class="et_pb_text_inner"><p>biuro@mediatorsadowy.info</p>
</div></div></div><div class="et_pb_column_7 et_pb_column et_pb_column_1_4 et-last-child et_block_column et_pb_css_mix_blend_mode_passthrough"><ul class="et_pb_social_media_follow_0 et_pb_social_media_follow clearfix et_pb_bg_layout_light et_pb_text_align_right et_pb_text_align_center-tablet et_pb_text_align_center-phone et_pb_module et_flex_module"><li class="et_pb_social_media_follow_network_0 et_pb_social_media_follow_network et_pb_social_icon et_pb_social_network_link et-social-facebook et_pb_module et_flex_module"><a href="https://www.facebook.com/profile.php?id=61558684858295" class="icon" target="_self" title="facebook" rel="noopener"><span class="et_pb_social_media_follow_network_name">Podążać</span></a></li><li class="et_pb_social_media_follow_network_1 et_pb_social_media_follow_network et_pb_social_icon et_pb_social_network_link et-social-instagram et_pb_module et_flex_module"><a href="https://www.instagram.com/mediator_sadowy_wj/" class="icon" target="_self" title="instagram" rel="noopener"><span class="et_pb_social_media_follow_network_name">Podążać</span></a></li><li class="et_pb_social_media_follow_network_2 et_pb_social_media_follow_network et_pb_social_icon et_pb_social_network_link et-social-twitter et_pb_module et_flex_module"><a href="#" class="icon" target="_self" title="twitter" rel="noopener"><span class="et_pb_social_media_follow_network_name">Podążać</span></a></li></ul></div></div></div>
