{"id":167,"date":"2025-01-08T13:14:08","date_gmt":"2025-01-08T11:14:08","guid":{"rendered":"https:\/\/mediatorsadowy.info\/?page_id=167"},"modified":"2026-02-01T17:18:58","modified_gmt":"2026-02-01T15:18:58","slug":"akademia-pozytywnego-rozwoju","status":"publish","type":"page","link":"https:\/\/mediatorsadowy.info\/index.php\/akademia-pozytywnego-rozwoju\/","title":{"rendered":"Szkolenia z Mediacji"},"content":{"rendered":"<div class=\"et_pb_section_0 et_pb_section et_section_regular et_block_section\"><div class=\"et_pb_row_0 et_pb_row et_pb_gutters3 et_block_row\"><div class=\"et_pb_column_0 et_pb_column et_pb_column_4_4 et-last-child et_block_column et_pb_css_mix_blend_mode_passthrough\"><div class=\"et_pb_heading_0 et_pb_heading et_pb_module et_flex_module\"><div class=\"et_pb_heading_container\"><h1 class=\"et_pb_module_header\">WARSZTATY Z MEDIACJI<\/h1><\/div><\/div><\/div><\/div><div class=\"et_pb_row_1 et_pb_row et_pb_gutters3 et_block_row\"><div class=\"et_pb_column_1 et_pb_column et_pb_column_4_4 et-last-child et_block_column et_pb_css_mix_blend_mode_passthrough\"><div class=\"et_pb_text_0 et_pb_text et_pb_bg_layout_light et_pb_module et_flex_module\"><div class=\"et_pb_text_inner\"><h3><\/h3>\n<p style=\"text-align: justify;\">Akademia Pozytywnego Rozwoju to miejsce, gdzie z pasj\u0105 wspieramy budowanie porozumienia i rozwi\u0105zywanie konflikt\u00f3w. Oferujemy profesjonalne szkolenia z mediacji, kt\u00f3re przygotowuj\u0105 do efektywnego dzia\u0142ania w r\u00f3\u017cnych \u015brodowiskach \u2013 szkolnych, r\u00f3wie\u015bniczych i zawodowych.<\/p>\n<p style=\"text-align: justify;\"><strong>Nasze szkolenia obejmuj\u0105:<\/strong><\/p>\n<ul style=\"text-align: justify;\">\n<li><strong>Mediacje szkolne i r\u00f3wie\u015bnicze<\/strong> \u2013 nauka technik rozwi\u0105zywania konflikt\u00f3w mi\u0119dzy uczniami z poszanowaniem ich perspektyw.<\/li>\n<li><strong>Mediacje s\u0105dowe i pozas\u0105dowe<\/strong> \u2013 kompleksowe przygotowanie do roli mediatora w sprawach rodzinnych, karnych i cywilnych.<\/li>\n<li><strong>Praktyczne warsztaty i symulacje<\/strong> \u2013 umo\u017cliwiaj\u0105ce rozwijanie umiej\u0119tno\u015bci empatii, aktywnego s\u0142uchania i negocjacji.<\/li>\n<\/ul>\n<p style=\"text-align: justify;\">Dzi\u0119ki naszym szkoleniom nauczysz si\u0119, jak budowa\u0107 dialog, zmniejsza\u0107 napi\u0119cia i tworzy\u0107 przestrze\u0144 dla konstruktywnej wsp\u00f3\u0142pracy. Do\u0142\u0105cz do nas i sta\u0144 si\u0119 cz\u0119\u015bci\u0105 zmiany w budowaniu lepszych relacji!<\/p>\n<p style=\"text-align: justify;\"><strong>Skontaktuj si\u0119 z nami:<\/strong><br \/>\ud83d\udce7 <a rel=\"noopener\"><span>Email<\/span><span>: wjablonski<\/span><span>@aprozwoju.pl<\/span><\/a><br \/>\ud83d\udcde Telefon: 668 00 62 68<br \/>\ud83c\udf10 Wi\u0119cej informacji: <a rel=\"noopener\" target=\"_new\" href=\"https:\/\/www.aprozwoju.pl\/\"><span>aprozwoju.pl<\/span><\/a><\/p>\n<p style=\"text-align: justify;\">Zapraszamy do wsp\u00f3lnego dzia\u0142ania!<\/p>\n<\/div><\/div><\/div><\/div><div class=\"et_pb_row_2 et_pb_row et_pb_gutters3 et_block_row\"><div class=\"et_pb_column_2 et_pb_column et_pb_column_4_4 et-last-child et_block_column et_pb_css_mix_blend_mode_passthrough\"><div class=\"et_pb_module et_pb_button_module_wrapper et_pb_button_0_wrapper\"><a class=\"et_pb_button_0 et_pb_button et_pb_bg_layout_light et_pb_module et_flex_module\" href=\"https:\/\/www.aprozwoju.pl\" target=\"_blank\" rel=\"noopener\">WARSZTATY &#8211; KLIKNIJ<\/a><\/div><\/div><\/div><\/div>","protected":false},"excerpt":{"rendered":"","protected":false},"author":1,"featured_media":0,"parent":0,"menu_order":0,"comment_status":"closed","ping_status":"closed","template":"","meta":{"footnotes":""},"class_list":["post-167","page","type-page","status-publish","hentry"],"_links":{"self":[{"href":"https:\/\/mediatorsadowy.info\/index.php\/wp-json\/wp\/v2\/pages\/167","targetHints":{"allow":["GET"]}}],"collection":[{"href":"https:\/\/mediatorsadowy.info\/index.php\/wp-json\/wp\/v2\/pages"}],"about":[{"href":"https:\/\/mediatorsadowy.info\/index.php\/wp-json\/wp\/v2\/types\/page"}],"author":[{"embeddable":true,"href":"https:\/\/mediatorsadowy.info\/index.php\/wp-json\/wp\/v2\/users\/1"}],"replies":[{"embeddable":true,"href":"https:\/\/mediatorsadowy.info\/index.php\/wp-json\/wp\/v2\/comments?post=167"}],"version-history":[{"count":10,"href":"https:\/\/mediatorsadowy.info\/index.php\/wp-json\/wp\/v2\/pages\/167\/revisions"}],"predecessor-version":[{"id":218,"href":"https:\/\/mediatorsadowy.info\/index.php\/wp-json\/wp\/v2\/pages\/167\/revisions\/218"}],"wp:attachment":[{"href":"https:\/\/mediatorsadowy.info\/index.php\/wp-json\/wp\/v2\/media?parent=167"}],"curies":[{"name":"wp","href":"https:\/\/api.w.org\/{rel}","templated":true}]}}

<div class="et_pb_section_0 et_pb_section et_section_regular et_block_section"><div class="et_pb_row_0 et_pb_row et_pb_gutters3 et_block_row"><div class="et_pb_column_0 et_pb_column et_pb_column_4_4 et-last-child et_block_column et_pb_css_mix_blend_mode_passthrough"><div class="et_pb_heading_0 et_pb_heading et_pb_module et_flex_module"><div class="et_pb_heading_container"><h1 class="et_pb_module_header">WARSZTATY Z MEDIACJI</h1></div></div></div></div><div class="et_pb_row_1 et_pb_row et_pb_gutters3 et_block_row"><div class="et_pb_column_1 et_pb_column et_pb_column_4_4 et-last-child et_block_column et_pb_css_mix_blend_mode_passthrough"><div class="et_pb_text_0 et_pb_text et_pb_bg_layout_light et_pb_module et_flex_module"><div class="et_pb_text_inner"><h3></h3>
<p style="text-align: justify;">Akademia Pozytywnego Rozwoju to miejsce, gdzie z pasją wspieramy budowanie porozumienia i rozwiązywanie konfliktów. Oferujemy profesjonalne szkolenia z mediacji, które przygotowują do efektywnego działania w różnych środowiskach – szkolnych, rówieśniczych i zawodowych.</p>
<p style="text-align: justify;"><strong>Nasze szkolenia obejmują:</strong></p>
<ul style="text-align: justify;">
<li><strong>Mediacje szkolne i rówieśnicze</strong> – nauka technik rozwiązywania konfliktów między uczniami z poszanowaniem ich perspektyw.</li>
<li><strong>Mediacje sądowe i pozasądowe</strong> – kompleksowe przygotowanie do roli mediatora w sprawach rodzinnych, karnych i cywilnych.</li>
<li><strong>Praktyczne warsztaty i symulacje</strong> – umożliwiające rozwijanie umiejętności empatii, aktywnego słuchania i negocjacji.</li>
</ul>
<p style="text-align: justify;">Dzięki naszym szkoleniom nauczysz się, jak budować dialog, zmniejszać napięcia i tworzyć przestrzeń dla konstruktywnej współpracy. Dołącz do nas i stań się częścią zmiany w budowaniu lepszych relacji!</p>
<p style="text-align: justify;"><strong>Skontaktuj się z nami:</strong><br />📧 <a rel="noopener"><span>Email</span><span>: wjablonski</span><span>@aprozwoju.pl</span></a><br />📞 Telefon: 668 00 62 68<br />🌐 Więcej informacji: <a rel="noopener" target="_new" href="https://www.aprozwoju.pl/"><span>aprozwoju.pl</span></a></p>
<p style="text-align: justify;">Zapraszamy do wspólnego działania!</p>
</div></div></div></div><div class="et_pb_row_2 et_pb_row et_pb_gutters3 et_block_row"><div class="et_pb_column_2 et_pb_column et_pb_column_4_4 et-last-child et_block_column et_pb_css_mix_blend_mode_passthrough"><div class="et_pb_module et_pb_button_module_wrapper et_pb_button_0_wrapper"><a class="et_pb_button_0 et_pb_button et_pb_bg_layout_light et_pb_module et_flex_module" href="https://www.aprozwoju.pl" target="_blank" rel="noopener">WARSZTATY &#8211; KLIKNIJ</a></div></div></div></div>
